rue
Let d be (102 + 10654)*2*2/4. Suppose -5*p - 4*r + 4919 = -5858, 5*p - 3*r - d = 0. Is p composite?
False
Suppose 3*f = 4*l - 72736, 5*f = -73*l + 74*l - 18167. Is l a composite number?
True
Suppose -5*i + 5*r = -2030, -3*i = r - 5*r - 1220. Suppose -14*k + 5850 = i. Is k a composite number?
False
Suppose 0 = -113*u + 5996669 + 48757368. Is u prime?
False
Let h(n) = 627*n**3 - 2*n**2 + 4*n - 6. Let q be h(2). Let l = q - 2489. Is l a prime number?
True
Suppose -z - 252 = -75. Let c = -279 - z. Let x = c - -189. Is x a prime number?
False
Let x = -168058 + 256235. Is x a composite number?
False
Suppose 13 - 37 = -4*c. Suppose c*j - 23*j + 49963 = 0. Is j a prime number?
True
Let w(a) = 2*a**3 - 10*a**2 - 6*a + 37. Let p be w(5). Suppose 187471 = p*k + 40520. Is k a prime number?
False
Let y(k) = 19*k - 181. Let r be y(10). Suppose r*n = -6*n + 13665. Is n composite?
False
Let w be (-4 + (-39)/(-12))*-52. Let u = -31 + w. Suppose -5*x - u*d + 3385 = -4*d, -2*x + 1354 = 4*d. Is x composite?
False
Is (11305190/(-14))/(-5) + (19/(-7) - -3) composite?
False
Let c(n) = 29*n**3 + 6*n**2 + 16*n + 136. Is c(23) composite?
True
Suppose 5*t = t + 156. Suppose 0 = -2*d + 1 + t. Let z = 42 - d. Is z prime?
False
Suppose 28*s + 2124 = 37*s. Let y = s - 93. Is y composite?
True
Let s(t) = 36*t**3 + 3*t**2 - 34*t + 1. Let u be s(6). Suppose 5*o - x - u = -3*x, 5*x = 4*o - 6125. Is o a composite number?
True
Let w(c) = -1763*c**2 - 29*c - 5. Let q be w(4). Is q/(-3 - 4) + 2 composite?
False
Suppose -14*p - 8158 + 637304 = 0. Is p a prime number?
True
Let z(j) = j - 1. Let k(y) = -100*y - 7. Let d(x) = k(x) - 4*z(x). Let b be d(-1). Is (2 + 1)*b - -4 prime?
True
Let z = 15902 - 5685. Is z a prime number?
False
Let q(a) = a**3 - 17*a**2 - 5*a + 29. Let m be q(17). Is 920/3 - (m/(-12))/(-14) a composite number?
False
Let a(u) = 2*u**3 - 8*u**2 - 9*u - 3. Let w be a(5). Let h(b) = b**w + 3*b + b**2 + 14 + 3*b**2 - 1. Is h(6) composite?
False
Suppose 3*k = -3*n + 19632, -5*k + 27917 + 4830 = -4*n. Is k prime?
True
Suppose 0 = -3*t - 5*b + 67824, -13*b - 22619 = -t - 11*b. Is t a composite number?
False
Is 1*(0 + 244993) - -16 composite?
True
Suppose 20*c - 22*c + 138422 = 5*a, -2*a + 69207 = c. Is c a prime number?
True
Let j(u) = -1365*u**3 + 9*u**2 + 3*u - 2. Let m(n) = -4094*n**3 + 25*n**2 + 8*n - 6. Let f(v) = -11*j(v) + 4*m(v). Is f(-1) a composite number?
False
Let c(d) = -d**2 + 11*d - 6. Let a be c(10). Suppose -p + 3*p = -s - 7, 0 = -p - a*s - 21. Is 1117/((-1 - 0)/p) composite?
False
Let m be (8 - 7) + 7 + -9. Is 51129/52 + (-3)/((-12)/m) a prime number?
True
Let z = -14107 + 26498. Is z composite?
False
Suppose 0 = 2*c - 22*c + 1896860. Suppose -c = 10*a - 27*a. Is a a composite number?
True
Suppose 5*n - z = -3*z + 104, 3*n + 5*z = 51. Suppose 0 = -n*u + 19305 + 74261. Is u composite?
False
Let f(j) = 85*j**3 - j - 3. Let g be f(-1). Suppose -4*i - 2*s + 1500 = 0, -2*i + s = -0*i - 746. Let t = g + i. Is t prime?
False
Let f = 1998 + -3742. Suppose 0*s = 4*s + 804. Let w = s - f. Is w a prime number?
True
Let f(i) = -2352*i + 6. Let g be f(-12). Suppose 0*y + g = 3*y. Suppose 2*t - 4*a = -3*t + 23581, 0 = -2*t - 4*a + y. Is t a composite number?
True
Is 141/2*((-1822)/(-3))/1 composite?
True
Suppose -42*x - 1710 = -48*x. Is 5*1*(22 + x) a composite number?
True
Let o(y) = 196*y**3 + 10*y**2 - 54*y + 151. Is o(18) prime?
False
Let c(r) = 3*r**2 - 2*r + 3. Let k be c(2). Let o be 1/(-2)*(k - 17). Suppose 5*t - 724 = -3*g, -4*t + o*g + 566 = g. Is t prime?
False
Let n = -710 - -1698. Let b = n - 483. Suppose p + b = 2*p. Is p a prime number?
False
Suppose 27*p = 39*p - 48. Suppose p*y + 9*k - 2089 = 4*k, 2*k = -5*y + 2607. Is y a prime number?
True
Let m be (-15152)/(-5) + (-4)/10. Let u(h) = 94*h - 353. Let z be u(13). Suppose -y + m + z = 0. Is y composite?
True
Suppose 463329 = 47*b - 729672. Suppose 0 = 22*l - 25*l + b. Is l a composite number?
False
Let q(n) = -n**3 - 3*n**2 + 44*n + 11. Let s = 67 + -77. Is q(s) a prime number?
True
Let s be (441846/7)/((-15)/(-70)). Suppose 171*d - 159*d = s. Is d a composite number?
False
Let j = 27 - 25. Suppose g - 4*g - 3433 = -j*l, 3*g - 6821 = -4*l. Is l a prime number?
True
Suppose 0 = 277*f - 252*f - 272075. Is f prime?
True
Suppose 347 = 5*y + 3*i, 5*i - 447 = -5*y - 102. Let m be (-140532)/y - 6/(-10). Is (-2 - m/(-6))*-2 composite?
False
Let u = 4 - 1. Suppose 39853 = 4*g - u*t, -3*g + g + 19959 = 5*t. Is g a prime number?
True
Is (-14)/6*(-6652593)/357 a composite number?
False
Let f(y) = -406*y**3 - 2*y**2 - 2*y + 1. Let o be f(-1). Suppose 6*a = -o - 7657. Let t = 2302 + a. Is t prime?
False
Suppose -t - 5 = 0, 2*o + 8*t = 6*t - 8. Is (36/(-108))/(o/(-37707)) prime?
True
Let p = -1146871 - -2270238. Is p composite?
True
Suppose -1049 = 6*l + 3385. Let h = 1325 + l. Is h a prime number?
False
Suppose 26 = -3*z + 5*z. Suppose -17 - z = -2*i. Is 24834/i + 2/5 + -1 a prime number?
False
Let m(w) be the first derivative of 4*w**2 - 2*w + 5. Let l be m(1). Is (5/2)/(l/348) prime?
False
Suppose -13*t + 20 = -3*t. Let u be (t*-1 + (-5)/5)/(-1). Suppose 0 = 5*r + u*a - 653, -2*r + 136 + 114 = 4*a. Is r composite?
True
Let j(p) = -4*p**2 - 6*p + 7. Let c be j(-5). Let x be 3/(-21) - (3 - 8740/(-70)). Let g = c - x. Is g a prime number?
False
Let g(n) = 243*n - 33. Let x be g(-19). Let v = -2359 - x. Is v a prime number?
False
Suppose 3*w - 88828 = 2*c, -15*w + 3*c = -12*w - 88827. Suppose 0 = -8*y - 11474 + w. Is y a composite number?
False
Let z be 5/(((-4)/8)/((-3)/6)). Suppose 0 = -z*t, 3*i - 2*t - 6711 = -7*t. Is i composite?
False
Suppose 0 = -4*r + 3*q - 30, -4*q + 0*q = -3*r - 26. Let h be r/12*(0 - 2)*-4. Is h/(-2)*(-14743)/(-46) a prime number?
True
Suppose 4*u = 8*u, 0 = -2*k + 6*u + 171142. Is k composite?
False
Suppose 54*p - 49*p = 2*d + 50, 45 = 5*p - d. Let i(b) = 658*b + 24. Let y(n) = 657*n + 23. Let l(h) = -2*i(h) + 3*y(h). Is l(p) prime?
True
Suppose 2*f + 148524 = 4*f - 4*q, -222819 = -3*f - 5*q. Let a = f + -43531. Is a prime?
False
Let r = 665 - 30. Suppose 3*d + 2*h = r, d = -h + 83 + 129. Is d composite?
False
Let h be (-11 + 8)*(-3 + 2). Suppose -3*s - 2*f + 50 = s, -s + h*f + 9 = 0. Suppose 1015 = -7*c + s*c. Is c prime?
False
Suppose 3*v + 65067 + 16707 = -2*x, -5*x + 5*v - 204460 = 0. Let l = 57487 + x. Is l prime?
False
Suppose -5*x = -5*k - 2294260, 4*x = k + 2173542 - 338143. Is x a composite number?
False
Let b = 96 - 95. Let h(s) = -533*s + 0*s**2 + s**2 + 532*s + 1037*s**3. Is h(b) prime?
False
Let g = -245 + 247. Suppose 13*f - 17*f = l - 3757, g*f + 11285 = 3*l. Is l a prime number?
True
Let w = -147 + 298. Let f = -107 + w. Suppose f*s = 49*s - 5905. Is s composite?
False
Let n = -481662 + 770945. Is n a prime number?
True
Let c(d) = 996*d + 5. Let i(m) = -456 - 2923 - 585 - 789827*m. Let z(w) = -3964*c(w) - 5*i(w). Is z(1) composite?
False
Is -2 + (122/(-8) + 15 - (-160106)/8) a prime number?
True
Suppose 5*z + 5*k - 3845 = 0, 14 = -5*k + 4. Suppose 0 = -4*h + z + 41. Is h a composite number?
True
Let u(t) = -2863*t**3 - 4*t**2 - 74*t - 273. Is u(-4) composite?
False
Let m be ((-1 + 6)*-1)/(3/(-270)). Let h(y) = 4*y - 4*y + 7 + 8*y - 2*y + m*y**2. Is h(-2) prime?
False
Suppose -636711 - 965048 = -101*q. Is q composite?
False
Let s(d) = -221*d + 281. Let h(m) = -111*m + 142. Let c(t) = 7*h(t) - 3*s(t). Is c(-18) prime?
True
Suppose 2*r + 3*z - 1201 = -0*r, -2*r = -5*z - 1241. Suppose m - r = 1188. Suppose 0*f + m = 4*t - 4*f, 3*f - 2213 = -5*t. Is t prime?
False
Let a(n) = 2*n**3 - 26*n**2 + 19*n - 25. Let j be a(12). Is 6/10 + (-170374)/j a composite number?
True
Let s = 184 + -169. Suppose 0 = 5*a - 3*d - 44696, -s*a - 3*d = -10*a - 44714. Is a a composite number?
False
Let g(j) = 35094*j**2 + 217*j - 218. Is g(1) composite?
True
Suppose -5*g = -5*m + 85, 4*g + 41 = 5*m - 39. Suppose -6*n = -m*n + 29166. Is n prime?
True
Let i(d) = 38*d**2 - 14*d - 15. Let b(r) = 77*r**2 - 30*r - 30. Let h(c) = -2*b(c) + 5*i(c). Is h(9) composite?
True
Let n be (-42145)/(-7) + 320/(-56) + 6. Let o = n + -3128. Is o a composite number?
True
Let m(r) = -5800*r**3 - r**2 + r + 2. Let t be m(-1). Let b = t + -2343. Is b composite?
False
Let i = 16 - 12. Let u(s) = -2*s**2 + 8*s + 4. Let